e
Is 17897 a prime number?
False
Is 23149 a composite number?
True
Is 129439 prime?
True
Is 124087 composite?
False
Is 40735 a composite number?
True
Is 1969181 a prime number?
True
Is 95041 composite?
True
Is 91997 a prime number?
True
Is 14 a prime number?
False
Is 24571 a prime number?
True
Is 429161 prime?
True
Is 1759 prime?
True
Is 193679 a prime number?
True
Is 4219 composite?
False
Is 3623 a prime number?
True
Is 183871 composite?
False
Is 1649137 prime?
False
Is 407773 prime?
False
Is 285029 composite?
True
Is 9647 prime?
False
Is 191305 a prime number?
False
Is 43517 a composite number?
False
Is 699 a prime number?
False
Is 72097 a composite number?
True
Is 922771 a composite number?
True
Is 14321 composite?
False
Is 1048991 a composite number?
False
Is 1521229 a composite number?
False
Is 67937 prime?
False
Is 18021 a prime number?
False
Is 1054009 prime?
False
Is 247001 prime?
True
Is 28555 prime?
False
Is 544961 composite?
False
Is 38917 a prime number?
True
Is 70342 a composite number?
True
Is 473509 prime?
False
Is 121477 prime?
False
Is 577453 a prime number?
True
Is 114943 composite?
True
Is 570487 prime?
True
Is 472949 a composite number?
True
Is 560393 a prime number?
True
Is 3151 prime?
False
Is 553229 prime?
True
Is 4583 composite?
False
Is 156017 a prime number?
False
Is 3691 prime?
True
Is 60173 a composite number?
True
Is 67922 a composite number?
True
Is 210311 composite?
True
Is 475583 prime?
True
Is 419 composite?
False
Is 300707 a prime number?
False
Is 70931 a composite number?
True
Is 419 prime?
True
Is 904007 a composite number?
True
Is 57253 prime?
False
Is 193915 a prime number?
False
Is 389041 prime?
True
Is 3019 prime?
True
Is 47833 a composite number?
True
Is 22821 a prime number?
False
Is 38639 a composite number?
False
Is 20021 prime?
True
Is 19529 a prime number?
False
Is 26687 composite?
False
Is 783527 a composite number?
False
Is 2719 a composite number?
False
Is 35885 composite?
True
Is 36037 composite?
False
Is 177911 composite?
True
Is 10937 a prime number?
True
Is 40837 composite?
True
Is 2437 prime?
True
Is 44609 prime?
False
Is 5749 composite?
False
Is 3407 a composite number?
False
Is 38123 composite?
True
Is 635 a prime number?
False
Is 103217 a composite number?
False
Is 150809 a composite number?
True
Is 25657 a composite number?
False
Is 1657 a composite number?
False
Is 94049 a composite number?
False
Is 16249 prime?
True
Is 29135 prime?
False
Is 11179 composite?
True
Is 66511 prime?
False
Is 686119 a composite number?
True
Is 38281 composite?
False
Is 132569 composite?
True
Is 80111 prime?
True
Is 14281 prime?
True
Is 12007 prime?
True
Is 948457 prime?
True
Is 146621 a composite number?
True
Is 36151 prime?
True
Is 117497 composite?
False
Is 141523 composite?
True
Is 22109 a composite number?
False
Is 3491 prime?
True
Is 177257 prime?
True
Is 5581 composite?
False
Is 460378 composite?
True
Is 579133 a composite number?
False
Is 36503 a prime number?
False
Is 19645 prime?
False
Is 460771 prime?
True
Is 11351 a composite number?
False
Is 61021 a prime number?
False
Is 85421 prime?
False
Is 9977 a prime number?
False
Is 10361 a prime number?
False
Is 829867 prime?
True
Is 4271 a composite number?
False
Is 42277 a prime number?
False
Is 24671 a prime number?
True
Is 2569 composite?
True
Is 10765 a composite number?
True
Is 4127 a prime number?
True
Is 1614859 prime?
True
Is 32467 a prime number?
True
Is 13501 composite?
True
Is 54917 prime?
True
Is 24991 composite?
True
Is 31307 prime?
True
Is 8849 a prime number?
True
Is 9155 a composite number?
True
Is 53518 a composite number?
True
Is 765767 a prime number?
True
Is 128342 a prime number?
False
Is 599763 composite?
True
Is 82003 composite?
False
Is 6497 a composite number?
True
Is 56229 a prime number?
False
Is 5779 a prime number?
True
Is 2642 a prime number?
False
Is 15659 prime?
False
Is 14143 a prime number?
True
Is 726911 composite?
False
Is 402023 prime?
True
Is 7621 composite?
False
Is 64373 composite?
False
Is 268183 a prime number?
False
Is 791 prime?
False
Is 15053 a composite number?
False
Is 1622527 a composite number?
True
Is 56555 prime?
False
Is 330409 composite?
False
Is 8251 a composite number?
True
Is 18671 composite?
False
Is 31207 composite?
True
Is 257 composite?
False
Is 40997 prime?
False
Is 1489461 a prime number?
False
Is 17291 composite?
False
Is 345761 prime?
False
Is 42961 a prime number?
True
Is 104129 a prime number?
False
Is 29977 composite?
True
Is 9731 prime?
False
Is 900219 composite?
True
Is 69029 composite?
False
Is 50773 prime?
True
Is 55603 prime?
True
Is 57149 a composite number?
False
Is 20971 a prime number?
False
Is 129009 a composite number?
True
Is 21529 composite?
False
Is 2554 prime?
False
Is 87031 composite?
True
Is 312197 prime?
True
Is 1075379 prime?
False
Is 29567 a composite number?
False
Is 3959 a prime number?
False
Is 43853 prime?
True
Is 182366 composite?
True
Is 37487 a prime number?
False
Is 3274 prime?
False
Is 270493 a composite number?
False
Is 1201909 a composite number?
False
Is 80035 a composite number?
True
Is 308291 composite?
False
Is 440431 prime?
True
Is 8741 a composite number?
False
Is 74523 a composite number?
True
Is 170953 a prime number?
True
Is 4177 prime?
True
Is 190147 a composite number?
False
Is 41317 prime?
False
Is 9753 a prime number?
False
Is 1344187 prime?
False
Is 223357 a prime number?
False
Is 2833 prime?
True
Is 172709 prime?
True
Is 11567 a composite number?
True
Is 16703 a composite number?
False
Is 19445 prime?
False
Is 229819 a composite number?
False
Is 64639 composite?
True
Is 319409 a composite number?
True
Is 9413 a prime number?
True
Is 14113 composite?
True
Is 555937 prime?
False
Is 14566 composite?
True
Is 76429 prime?
False
Is 106291 a prime number?
True
Is 206909 composite?
False
Is 35233 a prime number?
False
Is 5501 prime?
True
Is 541973 prime?
False
Is 9979 a composite number?
True
Is 1361 prime?
True
Is 259751 a composite number?
False
Is 219749 a prime number?
True
Is 41579 a composite number?
False
Is 67922 prime?
False
Is 177578 prime?
False
Is 1119 composite?
True
Is 1262203 composite?
False
Is 526061 a composite number?
True
Is 21713 a composite number?
False
Is 73517 a prime number?
True
Is 12394 prime?
False
Is 671581 a prime number?
True
Is 78158 composite?
True
Is 1861 prime?
True
Is 553 composite?
True
Is 106853 composite?
False
Is 4569 a prime number?
False
Is 57467 prime?
True
Is 12713 composite?
False
Is 685 composite?
True
Is 33409 prime?
True
Is 26171 a prime number?
True
Is 31874 prime?
False
Is 29407 a composite number?
True
Is 47267 a composite number?
True
Is 72613 a prime number?
True
Is 191339 composite?
False
Is 2179 prime?
True
Is 26769 a prime number?
False
Is 185587 composite?
True
Is 101641 composite?
False
Is 749579 a prime number?
False
Is 50359 a composite number?
False
Is 522827 composite?
False
Is 3271 a prime number?
True
Is 13997 a composite number?
False
Is 1979 composite?
False
Is 4321 prime?
False
Is 617191 a prime number?
True
Is 6359 prime?
True
Is 43297 a composite number?
True
Is 8527 composite?
False
Is 22469 prime?
True
Is 24151 a prime number?
True
Is 3389 composite?
False
Is 13211 composite?
True
Is 404309 composite?
False
Is 8137 a prime number?
False
Is 6637 a composite number?
False
Is 86713 composite?
True
Is 257343 prime?
False
Is 848999 prime?
False
Is 107165 a composite number?
True
Is 13885 a composite number?
True
Is 209215 composite?
True
Is 3631 a composite number?
False
Is 44579 composite?
False
Is 355187 composite?
True
Is 85489 a composite number?
True
Is 14567 prime?
False
Is 4237 composite?
True
Is 1025705 composite?
True
Is 293599 a composite number?
False
Is 369419 a composite number?
False
Is 16883 composite?
False
Is 79519 a prime number?
False
Is 15961 composite?
True
Is 1189 composite?
True
Is 20563 prime?
True
Is 40693 a prime number?
True
Is 4621 a prime number?
True
Is 2605 prime?
False
Is 9103 a prime number?
True
Is 2841931 a prime number?
True
Is 136106 a prime number?
False
Is 68179 prime?
False
Is 692513 composite?
False
Is 7201 a composite number?
True
Is 144083 prime?
False
Is 4087 composite?
True
Is 6487 a prime number?
False
Is 161983 a prime number?
True
I